/(-1)) - f. Let l(m) = -m + 7. What is the tens digit of l(j)?
1
Suppose 0*b = 3*b - 21. Let i = b - -1. What is the units digit of i?
8
Suppose q - 39 = 12. Suppose q = -0*v + 3*v. What is the tens digit of v?
1
Let t(q) = 3*q**3 + 11*q**2 - 13*q + 12. Let g(i) = 16*i**3 + 56*i**2 - 65*i + 61. Let o(j) = -2*g(j) + 11*t(j). What is the tens digit of o(-10)?
4
Let k = -10 - -14. Suppose -19 = -k*h - 7. What is the units digit of h?
3
Let p(f) = f**3 - 8*f**2 + 12*f - 22. What is the tens digit of p(7)?
1
What is the units digit of (2 + 5)/((-3)/(-3))?
7
Let a(f) = -2*f**3 + 2*f**2 + 4*f + 3. Suppose 0 = 3*r + 12, x + 3*r - 18 = 8*r. What is the units digit of a(x)?
9
Let a be (-42)/(-9) + (-2)/(-6). Let n = a - 4. What is the units digit of 1/(n/(-2)) + 4?
2
Suppose -5*p = 3*a - 9, 3*p = 5*a - p + 22. Let j(d) = -2*d**2 - 7*d - 10. Let r be j(-4). Let b = a - r. What is the tens digit of b?
1
Suppose 3*g = -0*g + 15. Suppose -g*n + 47 = 2. What is the units digit of n?
9
Let p(s) be the third derivative of s**6/360 - s**5/120 - s**4/24 + s**3/2 + 3*s**2. Let q(h) be the first derivative of p(h). What is the units digit of q(-1)?
1
Let u = -3 + 14. Suppose 0 = 3*y + d - u, 3*y + 5*d + 2 = 9. Suppose 5*a + 3 = -7, y*a + 28 = 4*g. What is the units digit of g?
5
Let o = -14 - -16. What is the units digit of 82/o - (7 - 3)?
7
Suppose 11*j = 14*j - 240. What is the tens digit of j?
8
Suppose 4*m + 4 + 4 = 0. Let w = 3 + m. What is the units digit of w?
1
Suppose 2*t - d - 4 = 0, 0 = -3*d + 4 + 2. Suppose 68 = 4*o - 0*o. Suppose -5*l + o = -t. What is the units digit of l?
4
Let c(m) = 2*m**2 - 1. Let g be c(1). Let v be g - (-1 - 4)*-1. Let f(x) = x**2 + 4*x + 5. What is the units digit of f(v)?
5
Let a = 19 - -30. Suppose -4*w + a = -x, 3*w + 4*x = 40 - 8. What is the units digit of w?
2
Let p(k) = -k**2 - 7*k - 6. Let h(g) = 2*g + 1. Let j(m) = 4*m + 1. Let f be j(-1). Let t be h(f). What is the units digit of p(t)?
4
Suppose 4 + 16 = -4*r. Let s = -22 - r. Let t = s - -36. What is the units digit of t?
9
Let j(h) = h**2 - 6*h + 6. Let x be j(6). Let v(o) = 4*o - 5. What is the tens digit of v(x)?
1
Let g = -122 - -292. What is the units digit of g?
0
Let i = 21 + 1. What is the units digit of i?
2
Suppose -h + 3*t + 30 = 2*t, 0 = -4*t + 8. What is the units digit of h?
2
Suppose 7*y - 81 = 4*y. What is the tens digit of y?
2
Let y = -79 + 195. What is the units digit of y?
6
Suppose -15*m = -3*m - 1620. What is the tens digit of m?
3
Let c(d) = d - 4. Let x be c(4). Suppose 4*j = 2*r - 4 - 16, x = -4*j - r - 26. What is the units digit of ((-10)/j + 2)*3?
1
Let u be 2/9 - 100/45. What is the tens digit of 1 + u - (-18 + -1)?
1
Suppose -4*i + 6*i - 102 = 0. What is the units digit of i?
1
Let j(f) = f**2 + f. Suppose -o + 4 = -3*o + 2*c, 0 = 5*o + 4*c + 10. What is the units digit of j(o)?
2
Let x be (-22)/(-6) + 2/(-3). Suppose 2*k - 36 = -0*f - x*f, 5*f = 10. What is the tens digit of k?
1
Let b(y) = -51*y + 12. What is the hundreds digit of b(-2)?
1
What is the tens digit of 527/5 + (52/20 - 2)?
0
Suppose 0*h + 150 = 5*h. What is the units digit of h?
0
Let g(y) = -y**3 + 11*y**2 + 12*y + 7. Let o be g(12). Let n = -4 + o. What is the units digit of (16/6)/(2/n)?
4
Let a = 7 - 5. Suppose -s + a = -22. Suppose 0 = n + 4, p + 3*p + n - s = 0. What is the units digit of p?
7
Suppose 23*d - 21*d = 12. Suppose 61 = 3*m - 2*a, 4*a = -2*m + 5*a + 41. Let b = m - d. What is the tens digit of b?
1
Suppose -4*w - 2*i + 5*i = -59, -3*w + 42 = -3*i. What is the tens digit of w?
1
What is the tens digit of 29/(-174) + (-475)/(-6)?
7
Let b = -210 - -320. What is the tens digit of b?
1
Let f(q) = 11*q**2 - 3*q - 1. Let b be f(-2). Suppose 3*k + 10 = b. What is the tens digit of k?
1
Suppose -2*p + 4*k + 18 = 0, 0 = -p - k + 4*k + 14. Let q(x) = -2*x**3 - x**2 - x. What is the units digit of q(p)?
2
Let b be 1/(-3) - 516/(-9). Let m = -34 + b. What is the units digit of m?
3
Let v(u) = -14*u - 1. What is the units digit of v(-4)?
5
Let u = 11 + -23. Let m = u + 18. What is the units digit of m?
6
Let s be (-1 + 2/4)*-20. Suppose -s = 2*q - 4*q. What is the units digit of q?
5
Suppose -567 = -2*d - 3*m, -6*d = -4*d - 3*m - 561. What is the hundreds digit of d?
2
Suppose 0 = 3*z - 83 + 32. Suppose 5*j = -0*c + 2*c - 23, -5*c - j + z = 0. Suppose -c*x = -6*x + 24. What is the tens digit of x?
1
Let u(x) = 7*x**3 - 14*x**2 - 15*x - 4. Let h(k) = -6*k**3 + 13*k**2 + 14*k + 3. Let i(g) = -6*h(g) - 5*u(g). What is the units digit of i(9)?
2
Suppose -6*a + 72 = -2*a. Suppose -3*g = -4*o + 10, 3*g + a - 4 = 5*o. Suppose -g*n = -6 - 8. What is the units digit of n?
7
Let j(p) = p**3 - 10*p**2 + 3. Let d be (2 - (2 + 1))*-10. What is the units digit of j(d)?
3
Let m(d) = -11*d + 8. What is the tens digit of m(-5)?
6
Suppose 3*s + 3*c - 7 - 14 = 0, 4*c = 2*s + 4. Suppose 5*w - s*l = 43, -w + 3 = -3*l - 10. What is the units digit of w?
7
Suppose w + 72 = 96. What is the units digit of w?
4
Let r = -7 + 3. Let m = 8 + r. Suppose m*u + 4 = 20. What is the units digit of u?
4
Suppose r = -5*j + 25, -3*r + 5*j = -7*r + 130. What is the units digit of r?
5
Let j = 386 - 126. What is the units digit of j?
0
Let u(f) = -4 + 2 - f**2 - 6. Let g be u(0). Let r(z) = -z - 7. What is the units digit of r(g)?
1
Suppose -5 = c - 39. What is the units digit of c?
4
Let q be -3 - (-4 + -8 + 3). Let k(l) be the second derivative of l**3/6 - l**2/2 + 2*l. What is the units digit of k(q)?
5
Let j = -7 + 13. Let c = -2 + j. What is the units digit of c?
4
Suppose 48 = m - 2*g - g, -5*m - 3*g = -168. Suppose m = 4*q + 12. Let f = -3 + q. What is the units digit of f?
3
Let y = 5 + 19. What is the tens digit of y?
2
Let t(r) = r - 3. What is the units digit of t(4)?
1
Suppose 5*a + 2*q = 14, 5*a - 14 = q - 6. What is the units digit of a?
2
Let u(d) = -86*d - 6. What is the hundreds digit of u(-3)?
2
Let l = -103 + 181. What is the units digit of l?
8
Suppose 0*w - 32 = -4*w. Suppose -3*v = 5 - w. What is the units digit of v?
1
Suppose -4*z + 2*z = -46. Let a = z + -9. Suppose c - a = -6. What is the units digit of c?
8
Let r = 684 - 357. What is the tens digit of r?
2
Let w(g) = -5 - 8*g - g - 6. Let i(o) = -4*o - 5. Let n(u) = 5*i(u) - 2*w(u). What is the units digit of n(-5)?
7
Let y = 13 + -8. What is the units digit of (7 + -2)*2/y?
2
Let n = 7 + 1. Let w = -1 + n. Let o = w - -10. What is the units digit of o?
7
Let l be (-424)/(-24) - 4/(-3). Let y = l + 13. What is the tens digit of y?
3
Let n = 16 + -14. Suppose r + 0*a - n*a = 42, -r - a + 30 = 0. What is the units digit of r?
4
Let b = 20 - 18. Suppose 0*q = -b*q + 56. What is the units digit of q?
8
What is the units digit of 2/(-5) - (-388)/20?
9
Suppose 4*w - 2*q = -2, 3*w + 3*q + 24 = -0*q. Let t(s) = -2*s - 1. What is the units digit of t(w)?
5
Let k(g) = 2*g + 7. Let m be k(-6). Let o(t) = t**3 + 5*t**2 - 2*t. What is the units digit of o(m)?
0
Suppose -59 = -5*r + 181. Suppose 2*l = 4 + r. What is the tens digit of l?
2
Suppose 4*j - 5*j = 7. Let i = 19 - j. Suppose -39 = -5*n + i. What is the tens digit of n?
1
Let n = 2 + 3. Let l(u) = u**3 + 3*u**2 + u - 1. Let k be l(-3). Let y = k + n. What is the units digit of y?
1
Suppose 2 = -2*o + 3*o. Let s be (o/(-4))/((-4)/(-144)). Let z = -13 - s. What is the units digit of z?
5
Let o(m) = -7*m - 2. Let d be o(-3). Let y = -9 + d. What is the units digit of y?
0
Suppose 0 = r - 4 + 5. What is the tens digit of (r + (-1)/(-2))*-56?
2
Suppose 4*v - 24 = v. What is the units digit of v?
8
Let n = 10 + -5. Let i(k) = k**3 - 3*k**2 - 2*k + 4. Let y be i(3). Let p = n + y. What is the units digit of p?
3
Suppose 2*x - 127 = -19. What is the units digit of x?
4
Let c be (6/(-4))/((-9)/(-24)). Let s(j) be the second derivative of j**5/20 + 5*j**4/12 + j**3/3 + 3*j**2/2 + j. What is the tens digit of s(c)?
1
Suppose -4*d = p - 6, 0 = -3*p + d + 3*d - 14. What is the units digit of (-51)/p*(-8)/(-12)?
7
Suppose -l - 19 - 3 = -5*x, 2*l = 5*x - 24. Let p be 2/l + -2 + 0. What is the units digit of -12*(-2 + p/(-2))?
6
Suppose -5*b + 127 = 2*k, b - 9 = -5*k - 2. Suppose -4*c + 10 = -a, 2*c - 4*a = -a. Suppose -5*o - 36 = -3*u, c*u + o = 3*o + b. What is the units digit of u?
7
Let n(p)